5 - 30, 4*s - 2*b - 22 = 0. Suppose -3*n = -4*n - s. List the prime factors of (-73)/n - (-1)/(-4).
2, 3
Suppose 5*a - 20 = -0. Suppose 0 = 2*n - a*q - 24, 0*n + 15 = n - q. What are the prime factors of n?
2, 3
Suppose 0 = -6*c + 3*c. Suppose c = 5*a + 12 - 132. What are the prime factors of 1 + -1 - (-6 - a)?
2, 3, 5
Let n be (-4 + -31)/(2/(-2)). Let z = n + -13. List the prime factors of z.
2, 11
Suppose 0 = -2*h + 4*h + 6*a - 3164, -5*a - 20 = 0. What are the prime factors of h?
2, 797
Suppose -26*a = -41721 - 44833. List the prime factors of a.
3329
Suppose 16 = 5*n - n. Let y = 211 + n. List the prime factors of y.
5, 43
Let i(n) = -40*n + 16. Let m(o) = -13*o + 5. Let k(c) = 5*i(c) - 16*m(c). Let l be k(9). Suppose -4*z - l = -8*z. What are the prime factors of z?
2, 3
Let f(c) = 11*c - 16. Let b(p) = -22*p + 32. Let d(o) = 6*b(o) + 13*f(o). List the prime factors of d(5).
3, 13
List the prime factors of (12879 - -9)/9 - -2.
2, 3, 239
Let z be 0/(-3) + (2 + -3)*-2. Suppose -z*w = -w - 82. What are the prime factors of w?
2, 41
Suppose 2*r - 6028 = -2*k, -3*r - 12056 = -4*k - 5*r. List the prime factors of k.
2, 11, 137
Suppose 3*p + 3*p - 522 = 0. Suppose -4*w - p = -399. What are the prime factors of w?
2, 3, 13
Let q = -9 + 9. Suppose j - 3*f - 118 = 0, 5*j - 3*f + 121 - 699 = q. What are the prime factors of j?
5, 23
Suppose -54 = 5*a + 4*k - 19, -4*k = -a + 17. Let b be -1 + (-3)/a*7. Suppose -b*j + 3*j = -66. What are the prime factors of j?
2, 11
Suppose 0 = -4*h + 158 + 2106. What are the prime factors of h?
2, 283
Suppose -16*j + 6960 = -j. What are the prime factors of j?
2, 29
Let t(k) = 9*k - 6. Suppose -9 = 3*b - 5*b + z, 5*z + 27 = 4*b. Suppose 4*y - 8 = -5*p, 0*y + 6 = b*p + 2*y. List the prime factors of t(p).
2, 3, 5
Suppose -210 = 2*q - 5*q. What are the prime factors of q + -50 - (3 - 0/(-1))?
17
Suppose c - 11 - 15 = 0. Let a be 6*(-1 + 23/2). Let j = a - c. List the prime factors of j.
37
Let i be ((-15)/(-25))/(2/10). Suppose -4*y = 3*d - i, -5*y + 0*d = d - 12. Suppose y*o - 81 = -0*o. List the prime factors of o.
3
Let b = -8 - 10. Let u = b - -17. List the prime factors of (3 + u)/(3/39).
2, 13
Let x = -628 - -1061. What are the prime factors of x?
433
Suppose -14*r = -13356 - 3696. List the prime factors of r.
2, 3, 7, 29
Suppose -33200 = -614*f + 598*f. What are the prime factors of f?
5, 83
Suppose 6*c - 1984 = 2630. List the prime factors of c.
769
Let d(x) = x**2 - 8*x + 9. Let h be d(7). Let g be 1/h - (-207)/6. Suppose 56 = 3*z - 5*q, 2 = 2*z - 3*q - g. What are the prime factors of z?
17
Suppose -5*q - r + 20 = 0, -5*r = -3*q + 4*q - 4. Suppose 0 = 2*l - 4*b - 532, 5*l - q*b = -2*b + 1322. What are the prime factors of l?
2, 3, 11
Let m be ((-4)/2)/((-13)/26). Let a(n) = -9*n**3 + n**2 - 4*n - 3. Let b be a(-2). Suppose 3*w = -0*x - 4*x + 243, -w = m*x - b. List the prime factors of w.
3
Let h(y) = -9*y + 27. Let n be h(12). Let z = -25 - n. List the prime factors of z.
2, 7
Let r(j) = 13*j**2 + 23*j + 48. What are the prime factors of r(11)?
2, 937
Let c(x) be the third derivative of x**6/120 + x**5/6 - x**4/4 + 11*x**3/6 - 3*x**2. What are the prime factors of c(-10)?
71
Let h(a) = 5*a**2 + 2*a + 8. Let x(j) = j - 1. Let c(y) = -h(y) + 3*x(y). Let g(s) be the first derivative of c(s). List the prime factors of g(-1).
11
Let n = -66 + 58. What are the prime factors of (-4)/n + (-6)/((-36)/1749)?
2, 73
Let s(n) = 73*n**2 - 30*n + 14. List the prime factors of s(4).
2, 3, 59
Let p(s) = s**2 + 10*s + 15. Let w(d) = -d**2 - 9*d - 14. Let k(c) = -3*p(c) - 4*w(c). What are the prime factors of k(-11)?
2, 3, 11
Let r(t) = 24*t**3 + t**2 - t - 1. List the prime factors of r(3).
653
Let v(o) = -24*o + 141. What are the prime factors of v(0)?
3, 47
Let q be -2 - ((-48 - 1) + -1). Let u = 68 - q. What are the prime factors of u?
2, 5
Suppose -167 = -2*n - 27. Suppose 10*b = 75 + 55. Suppose q = n - b. List the prime factors of q.
3, 19
What are the prime factors of 1 + 1 + -1 + 338/1?
3, 113
Suppose 0 = -6*v + 77 - 299. What are the prime factors of (-4)/(-4)*(-3 - v)?
2, 17
Let u(y) = -y**3 + 8*y**2 + y - 8. Let h be u(8). Suppose h = 5*s - s - 52. List the prime factors of s.
13
What are the prime factors of 4 + (-3 - (-33)/6)*182?
3, 17
Let a(b) be the first derivative of b**4/4 + 3*b**3 - 3*b**2 - 8*b - 10. List the prime factors of a(-7).
2, 3, 11
Let l(z) = 7*z**3 - 16*z**2 + 5*z. What are the prime factors of l(5)?
2, 5
Suppose 3*z - g = -28, g + g + 32 = -5*z. Let k = 11 + z. Suppose -k*r - u = -36, -2*u = -2*r - r + 36. List the prime factors of r.
2, 3
Let k = -907 + 1226. What are the prime factors of k?
11, 29
Suppose 0*l = 5*l + q - 11, 3*l = -2*q + 8. Let g = 4 - l. Suppose -g*i = -3*w + 6*w - 24, -39 = -4*w - 5*i. What are the prime factors of w?
2, 3
Suppose 5*h - 2*z = 2*z + 171, 0 = -4*h + 5*z + 135. Let w = 28 + h. What are the prime factors of w?
3, 7
Suppose 2*t + r - 4*r = 2166, -2*r = -5*t + 5393. What are the prime factors of t?
3, 359
Let i(v) = -3*v**3 - v**2 + 52*v + 23. List the prime factors of i(-8).
13, 83
Suppose 13*c - 41*c + 10136 = 0. What are the prime factors of c?
2, 181
Let l(r) = r**3 - r**2 - 2*r + 3. Let c be l(2). Suppose c*d + 4*d - 63 = 0. What are the prime factors of d?
3
Let a(u) = 3*u**2 + 7*u + 3. Let g be a(-3). Suppose 0 = 4*h + 2*v - 920, g*h - v = 5*h + 920. Suppose 11*i - h = 6*i. List the prime factors of i.
2, 23
Let q be 17 - (-9)/(36/(-8)). List the prime factors of (20/q)/((-2)/(-93)).
2, 31
Let g(v) = -2*v**3 - 8*v**2 + 15*v - 4. List the prime factors of g(-8).
2, 97
Let v(x) be the first derivative of x**3 + 9*x**2 + 11*x + 5. Let u be v(-8). Let a = u - 7. List the prime factors of a.
2, 13
Suppose -3170 = -8*n + 2246. What are the prime factors of n?
677
Suppose -r + 2*r + 3 = 0, -1107 = -o + 3*r. List the prime factors of o.
2, 3, 61
Suppose 3*f - 34 = 50. Suppose -4*s + 262 = 5*d, 0 = 2*d - 2*s - 66 - f. What are the prime factors of d?
2, 5
Let v(z) = 4*z**2 + 2*z - 2. Let f be v(-4). Suppose 0 = 2*k - 66 - f. Suppose c = -2*c + k. What are the prime factors of c?
2, 5
Let n = 113 - 106. Let b = -13 + 65. Suppose 11*r = n*r + b. List the prime factors of r.
13
Suppose -4*x - 8 = -2*y, 12 - 31 = -3*y - x. Let p(n) = -11*n - 10. Let s be p(y). What are the prime factors of s/(-18) - 2/9?
2
Suppose -16*r - 1290 = -2*i - 17*r, -4*i + 4*r + 2556 = 0. List the prime factors of i.
643
List the prime factors of 4*((-815)/(-8) - (-87)/232).
409
Let t(x) be the third derivative of 1/24*x**4 - 1/15*x**6 + 0 + 3*x**2 + 0*x**3 + 1/30*x**5 + 0*x. What are the prime factors of t(-1)?
3
Let k be (-11*112)/(-4) + 4. Suppose 4*r + 68 = k. What are the prime factors of r?
61
What are the prime factors of (-16)/((-1)/32*4)?
2
Suppose 4*c = 3*x + 10, 2*x + 2*c - 14 = -x. Suppose 4*o = 7*o + 5*f - 115, -3*o = -4*f - 124. Suppose -2*v + o = x*v. What are the prime factors of v?
2, 5
Let q = -124 + 147. Suppose g - 44 = 1. Let h = g - q. List the prime factors of h.
2, 11
Suppose -3*m = -5*o - 81, 82 = 6*m - 2*m + 2*o. Suppose -42 = 3*g - 3. Let u = g + m. What are the prime factors of u?
3
Suppose 2*l - 739 = 563. What are the prime factors of l?
3, 7, 31
What are the prime factors of (-338384)/(-304) + (-4)/38?
3, 7, 53
Let j = 6 - 4. Suppose j*l + 2*l - 124 = 0. What are the prime factors of l?
31
Let t be -2*1*13/26. Let a be (-7 - (t + -3)) + -8. Let n(y) = -4*y - 9. List the prime factors of n(a).
5, 7
Let s(q) be the first derivative of 1/2*q**4 - 2*q - q**2 - 1/3*q**3 - 7. What are the prime factors of s(3)?
37
Suppose 0 = 5*u - 3*q - 9, -q - 3 = -3*u + 4. Let y(z) = 8 + 3*z - z**u - 7*z**2 + 15*z - 5*z. List the prime factors of y(-9).
53
Suppose 4*p = 2*z + 28, -p - z - 2 = -3. Suppose 0 = -2*v - 1 - p. Let i = v + 11. List the prime factors of i.
2
Let q be 5/((-10)/(-4)) - -1. Suppose -q = -u - 4*t, 2*u - 6 = 2*t - 3*t. List the prime factors of (32/(-12))/(u/(-9)).
2
What are the prime factors of (540 + -1)*(-2)/(-10)*5?
7, 11
Let h = 1006 - 247. List the prime factors of h.
3, 11, 23
Let j = -120 - -1817. List the prime factors of j.
1697
Let b = 640 + 1073. List the prime factors of b.
3, 571
Let y be -1*9297 - (-4)/6*-3. What are the prime factors of 